{"id":1427,"date":"2023-03-22T10:52:26","date_gmt":"2023-03-22T10:52:26","guid":{"rendered":"https:\/\/mrc.mostaa.skola.edu.mt\/?page_id=1427"},"modified":"2026-03-24T11:56:46","modified_gmt":"2026-03-24T11:56:46","slug":"skola-sajf","status":"publish","type":"page","link":"https:\/\/mrc.mostaa.skola.edu.mt\/index.php\/home-screen\/skola-sajf\/","title":{"rendered":"Skola Sajf"},"content":{"rendered":"<div class=\"xdj266r x11i5rnm xat24cr x1mh8g0r x1vvkbs x126k92a\">\n<div dir=\"auto\">\n<div class=\"xdj266r x11i5rnm xat24cr x1mh8g0r x1vvkbs x126k92a\"><\/div>\n<div class=\"x11i5rnm xat24cr x1mh8g0r x1vvkbs xtlvy1s x126k92a\">\n<div dir=\"auto\">L-APPLIKAZZJONIJIET TAT-TFAL G\u0126AL SKOLASAJF 2026 ISSA MIFTU\u0126A!<\/div>\n<\/div>\n<\/div>\n<\/div>\n<div dir=\"auto\">\n<div><span class=\"html-span xexx8yu x4uap5 x18d9i69 xkhd6sd x1hl2dhg x16tdsg8 x1vvkbs x3nfvp2 x1j61x8r x1fcty0u xdj266r xat24cr xgzva0m xhhsvwb xxymvpz xlup9mm x1kky2od\"><img decoding=\"async\" loading=\"lazy\" class=\"xz74otr x168nmei x13lgxp2 x5pf9jr xo71vjh\" src=\"https:\/\/static.xx.fbcdn.net\/images\/emoji.php\/v9\/ta5\/1\/16\/1f1f2_1f1f9.png\" alt=\"\ud83c\uddf2\ud83c\uddf9\" width=\"16\" height=\"16\" \/><\/span> L-applikazzjonijiet g\u0127al Skolasajf 2026 huma miftu\u0127in s\u035fa\u035fl\u035f-\u035f\u035f4 \u035ft\u035fa\u035f\u2019\u035f \u035fM\u035fe\u035fj\u035fj\u035fu\u035f,\u035f \u035ff\u035f\u2019\u035fn\u035fo\u035ff\u035fs\u035fi\u035fn\u035fh\u035fa\u035fr\u035f.\u035f<\/div>\n<div>Importanti li l-\u0121enituri itellg\u0127u d-dokumenti kollha me\u0127tie\u0121a online u jaqraw it-termini u kundizzjonijiet tas-servizz.<\/div>\n<div>Applikazzjoni timtela online fuq\u00a0<a id=\"OWA248d64a9-46c7-64a4-e73a-cfd57462cbce\" title=\"Original URL: https:\/\/services.fes.gov.mt\/?fbclid=IwZXh0bgNhZW0CMTAAYnJpZBEwV3R0bmE5NURncHNHNE01a3NydGMGYXBwX2lkEDIyMjAzOTE3ODgyMDA4OTIAAR6jwoi74r_kqODf8Xc85AbekC17Qoo6th-VJs_hjXU9TgaRJdoINH1eBKWGxQ_aem_dNpQlDJ4A8zkY2ol6AQqhQ. Click or tap if you trust this link.\" href=\"https:\/\/eur01.safelinks.protection.outlook.com\/?url=https%3A%2F%2Fservices.fes.gov.mt%2F%3Ffbclid%3DIwZXh0bgNhZW0CMTAAYnJpZBEwV3R0bmE5NURncHNHNE01a3NydGMGYXBwX2lkEDIyMjAzOTE3ODgyMDA4OTIAAR6jwoi74r_kqODf8Xc85AbekC17Qoo6th-VJs_hjXU9TgaRJdoINH1eBKWGxQ_aem_dNpQlDJ4A8zkY2ol6AQqhQ&amp;data=05%7C02%7Cantonella.ferrante%40ilearn.edu.mt%7Cb550551448e54e0cfe6008de89995650%7C41af783b52434c28b7a4672c0b9eded2%7C0%7C0%7C639099488865450094%7CUnknown%7CTWFpbGZsb3d8eyJFbXB0eU1hcGkiOnRydWUsIlYiOiIwLjAuMDAwMCIsIlAiOiJXaW4zMiIsIkFOIjoiTWFpbCIsIldUIjoyfQ%3D%3D%7C0%7C%7C%7C&amp;sdata=kcfACtatqK5lII50H4bEAzGlyE89N%2FDPSQRpiqmAVm8%3D&amp;reserved=0\" target=\"_blank\" rel=\"noopener noreferrer\" data-auth=\"NotApplicable\" data-linkindex=\"0\">https:\/\/services.fes.gov.mt\/<\/a>\u00a0jew f\u2019wie\u0127ed mi\u010b-\u010bentri ta\u2019\u00a0<a id=\"OWA95773477-b9f4-1576-1b07-2020d8e2d216\" title=\"Original URL: https:\/\/www.facebook.com\/servizz.gov.mt?__cft__[0]=AZa4jEZNUfN51b79V48Yw5tB00g1M2a01JBuaMQxYUOptPRrBv8Gis0XJfYquPFjKoCoPsXfg--c1bCYPNf82az0ND-bNUiO0DiZtARY5KeXhDU3mIGEeRMAPim7VrpkgQBpSdQ4E7fBAvkLYnlY4wKjo2_QVRD8gukd2s64DYK5izuRB6zBI6a-hFfK5I44W8g&amp;__tn__=-]K-R. Click or tap if you trust this link.\" href=\"https:\/\/eur01.safelinks.protection.outlook.com\/?url=https%3A%2F%2Fwww.facebook.com%2Fservizz.gov.mt%3F__cft__%5B0%5D%3DAZa4jEZNUfN51b79V48Yw5tB00g1M2a01JBuaMQxYUOptPRrBv8Gis0XJfYquPFjKoCoPsXfg--c1bCYPNf82az0ND-bNUiO0DiZtARY5KeXhDU3mIGEeRMAPim7VrpkgQBpSdQ4E7fBAvkLYnlY4wKjo2_QVRD8gukd2s64DYK5izuRB6zBI6a-hFfK5I44W8g%26__tn__%3D-%5DK-R&amp;data=05%7C02%7Cantonella.ferrante%40ilearn.edu.mt%7Cb550551448e54e0cfe6008de89995650%7C41af783b52434c28b7a4672c0b9eded2%7C0%7C0%7C639099488865477631%7CUnknown%7CTWFpbGZsb3d8eyJFbXB0eU1hcGkiOnRydWUsIlYiOiIwLjAuMDAwMCIsIlAiOiJXaW4zMiIsIkFOIjoiTWFpbCIsIldUIjoyfQ%3D%3D%7C0%7C%7C%7C&amp;sdata=DuXk%2FKefMejOJBAfy3Jkaq3yaZMFJeYB%2Br%2FREfR6v4E%3D&amp;reserved=0\" target=\"_blank\" rel=\"noopener noreferrer\" data-auth=\"NotApplicable\" data-linkindex=\"1\">Servizz.gov<\/a><\/div>\n<div aria-hidden=\"true\"><\/div>\n<div>&#8212;&#8212;&#8212;&#8212;&#8212;&#8212;&#8212;&#8212;&#8212;&#8212;&#8212;&#8212;&#8212;&#8212;&#8212;&#8212;&#8212;&#8212;&#8212;-<\/div>\n<div aria-hidden=\"true\"><\/div>\n<div>APPLICATIONS FOR SKOLASAJF ARE NOW OPEN!<\/div>\n<div aria-hidden=\"true\"><\/div>\n<div><span class=\"html-span xexx8yu x4uap5 x18d9i69 xkhd6sd x1hl2dhg x16tdsg8 x1vvkbs x3nfvp2 x1j61x8r x1fcty0u xdj266r xat24cr xgzva0m xhhsvwb xxymvpz xlup9mm x1kky2od\"><img decoding=\"async\" loading=\"lazy\" class=\"xz74otr x168nmei x13lgxp2 x5pf9jr xo71vjh\" src=\"https:\/\/static.xx.fbcdn.net\/images\/emoji.php\/v9\/t96\/1\/16\/1f1ec_1f1e7.png\" alt=\"\ud83c\uddec\ud83c\udde7\" width=\"16\" height=\"16\" \/><\/span> Applications for Skolasajf 2026 are open till \ud835\udfd2\ud835\udc2d\ud835\udc21 \ud835\udc0c\ud835\udc1a\ud835\udc32 \ud835\udc1a\ud835\udc2d \ud835\udc27\ud835\udc28\ud835\udc28\ud835\udc27. It is important that parents upload ALL required documents online and read well the terms and conditions.<\/div>\n<div>Online applications through the following link\u00a0<a id=\"OWA1bf5c284-2c6f-5900-b3af-133571c5fbb0\" title=\"Original URL: https:\/\/l.facebook.com\/l.php?u=https%3A%2F%2Fservices.fes.gov.mt%2F%3Ffbclid%3DIwZXh0bgNhZW0CMTAAYnJpZBEwV3R0bmE5NURncHNHNE01a3NydGMGYXBwX2lkEDIyMjAzOTE3ODgyMDA4OTIAAR7a2L615fKaEFCzeFQZRIqiSm-O1bfzQusCVjAfa-C99A2dYSlOSlOnYYcKMg_aem_ijvOLuz63HZSyEXHEDRVAQ&amp;h=AT7Z5GlWxO_US40dg-ytq377fQvCjeZsfVhhOfpKWlHxvaUss_cGo-7MXkaRreTujkER2Gs01_bbbnFCMWmSj1ID-agZopotrBwdhjaVRt0xQSMjnjaklC9nhEF5da0zLAFG6Ics1KudDtVI&amp;__tn__=-UK-R&amp;c[0]=AT57Am4ql8EgaoSyWffdJESjXPsQgjscRRgKJlZSLSdONhKFQiK9HS7gSMNEIHZ1hvx9qlo_dVOJ0tQT11HcEXTNEzua-DOTziVE4PdWpZiTXsZo0U7DRqEV4YVCFjNtQ2_8n3m1rZAoiElfZug0vetLUMxYPMprEx2lc9llXL2lurOJP9dXrVUByntKhg6k61Y30FLI9NuSb4dqL0rzz5DpDQ. Click or tap if you trust this link.\" href=\"https:\/\/eur01.safelinks.protection.outlook.com\/?url=https%3A%2F%2Fl.facebook.com%2Fl.php%3Fu%3Dhttps%253A%252F%252Fservices.fes.gov.mt%252F%253Ffbclid%253DIwZXh0bgNhZW0CMTAAYnJpZBEwV3R0bmE5NURncHNHNE01a3NydGMGYXBwX2lkEDIyMjAzOTE3ODgyMDA4OTIAAR7a2L615fKaEFCzeFQZRIqiSm-O1bfzQusCVjAfa-C99A2dYSlOSlOnYYcKMg_aem_ijvOLuz63HZSyEXHEDRVAQ%26h%3DAT7Z5GlWxO_US40dg-ytq377fQvCjeZsfVhhOfpKWlHxvaUss_cGo-7MXkaRreTujkER2Gs01_bbbnFCMWmSj1ID-agZopotrBwdhjaVRt0xQSMjnjaklC9nhEF5da0zLAFG6Ics1KudDtVI%26__tn__%3D-UK-R%26c%5B0%5D%3DAT57Am4ql8EgaoSyWffdJESjXPsQgjscRRgKJlZSLSdONhKFQiK9HS7gSMNEIHZ1hvx9qlo_dVOJ0tQT11HcEXTNEzua-DOTziVE4PdWpZiTXsZo0U7DRqEV4YVCFjNtQ2_8n3m1rZAoiElfZug0vetLUMxYPMprEx2lc9llXL2lurOJP9dXrVUByntKhg6k61Y30FLI9NuSb4dqL0rzz5DpDQ&amp;data=05%7C02%7Cantonella.ferrante%40ilearn.edu.mt%7Cb550551448e54e0cfe6008de89995650%7C41af783b52434c28b7a4672c0b9eded2%7C0%7C0%7C639099488865500394%7CUnknown%7CTWFpbGZsb3d8eyJFbXB0eU1hcGkiOnRydWUsIlYiOiIwLjAuMDAwMCIsIlAiOiJXaW4zMiIsIkFOIjoiTWFpbCIsIldUIjoyfQ%3D%3D%7C0%7C%7C%7C&amp;sdata=mbtpTg1PmX98Dd78rLsIKcWo59H4NJ3wc67B2YQvL5g%3D&amp;reserved=0\" target=\"_blank\" rel=\"noopener noreferrer\" data-auth=\"NotApplicable\" data-linkindex=\"2\">https:\/\/services.fes.gov.mt\/<\/a>\u00a0or at one of the @<a id=\"OWA58de478c-cda4-97dd-8699-ee60cf3542b0\" title=\"Original URL: http:\/\/servizz.gov.mt\/?fbclid=IwZXh0bgNhZW0CMTAAYnJpZBEwV3R0bmE5NURncHNHNE01a3NydGMGYXBwX2lkEDIyMjAzOTE3ODgyMDA4OTIAAR70gTKzJeMwPyJfWkM3XUipgHHMeUblTC4fX_VRdLNYsH6-p2HXrg8zRU9Kyg_aem_uk3Sl7Re75BPmtrxNtiuSw. Click or tap if you trust this link.\" href=\"https:\/\/eur01.safelinks.protection.outlook.com\/?url=http%3A%2F%2Fservizz.gov.mt%2F%3Ffbclid%3DIwZXh0bgNhZW0CMTAAYnJpZBEwV3R0bmE5NURncHNHNE01a3NydGMGYXBwX2lkEDIyMjAzOTE3ODgyMDA4OTIAAR70gTKzJeMwPyJfWkM3XUipgHHMeUblTC4fX_VRdLNYsH6-p2HXrg8zRU9Kyg_aem_uk3Sl7Re75BPmtrxNtiuSw&amp;data=05%7C02%7Cantonella.ferrante%40ilearn.edu.mt%7Cb550551448e54e0cfe6008de89995650%7C41af783b52434c28b7a4672c0b9eded2%7C0%7C0%7C639099488865526257%7CUnknown%7CTWFpbGZsb3d8eyJFbXB0eU1hcGkiOnRydWUsIlYiOiIwLjAuMDAwMCIsIlAiOiJXaW4zMiIsIkFOIjoiTWFpbCIsIldUIjoyfQ%3D%3D%7C0%7C%7C%7C&amp;sdata=qLO45LnMftfZImC5fR9x%2FHak6f6yPdQU1nIVL3aAOVU%3D&amp;reserved=0\" target=\"_blank\" rel=\"noopener noreferrer\" data-auth=\"NotApplicable\" data-linkindex=\"3\">servizz.gov.mt<\/a>\u00a0hubs.<\/div>\n<\/div>\n<div><\/div>\n<div><img decoding=\"async\" loading=\"lazy\" class=\"size-medium wp-image-2204 alignleft\" src=\"https:\/\/mrc.mostaa.skola.edu.mt\/wp-content\/uploads\/2026\/03\/SkolaSajf-2026-300x300.jpg\" alt=\"\" width=\"300\" height=\"300\" srcset=\"https:\/\/mrc.mostaa.skola.edu.mt\/wp-content\/uploads\/2026\/03\/SkolaSajf-2026-300x300.jpg 300w, https:\/\/mrc.mostaa.skola.edu.mt\/wp-content\/uploads\/2026\/03\/SkolaSajf-2026-1024x1024.jpg 1024w, https:\/\/mrc.mostaa.skola.edu.mt\/wp-content\/uploads\/2026\/03\/SkolaSajf-2026-150x150.jpg 150w, https:\/\/mrc.mostaa.skola.edu.mt\/wp-content\/uploads\/2026\/03\/SkolaSajf-2026-768x768.jpg 768w, https:\/\/mrc.mostaa.skola.edu.mt\/wp-content\/uploads\/2026\/03\/SkolaSajf-2026-1000x1000.jpg 1000w, https:\/\/mrc.mostaa.skola.edu.mt\/wp-content\/uploads\/2026\/03\/SkolaSajf-2026-230x230.jpg 230w, https:\/\/mrc.mostaa.skola.edu.mt\/wp-content\/uploads\/2026\/03\/SkolaSajf-2026-350x350.jpg 350w, https:\/\/mrc.mostaa.skola.edu.mt\/wp-content\/uploads\/2026\/03\/SkolaSajf-2026-480x480.jpg 480w, https:\/\/mrc.mostaa.skola.edu.mt\/wp-content\/uploads\/2026\/03\/SkolaSajf-2026.jpg 1080w\" sizes=\"(max-width: 300px) 100vw, 300px\" \/><\/div>\n<div class=\"x11i5rnm xat24cr x1mh8g0r x1vvkbs xtlvy1s x126k92a\">\n<div dir=\"auto\" style=\"text-align: left;\"><img decoding=\"async\" loading=\"lazy\" class=\"size-medium wp-image-2201 alignleft\" src=\"https:\/\/mrc.mostaa.skola.edu.mt\/wp-content\/uploads\/2026\/03\/SkolaSajf-2026-1-240x300.jpg\" alt=\"\" width=\"240\" height=\"300\" srcset=\"https:\/\/mrc.mostaa.skola.edu.mt\/wp-content\/uploads\/2026\/03\/SkolaSajf-2026-1-240x300.jpg 240w, https:\/\/mrc.mostaa.skola.edu.mt\/wp-content\/uploads\/2026\/03\/SkolaSajf-2026-1-819x1024.jpg 819w, https:\/\/mrc.mostaa.skola.edu.mt\/wp-content\/uploads\/2026\/03\/SkolaSajf-2026-1-768x960.jpg 768w, https:\/\/mrc.mostaa.skola.edu.mt\/wp-content\/uploads\/2026\/03\/SkolaSajf-2026-1-1000x1250.jpg 1000w, https:\/\/mrc.mostaa.skola.edu.mt\/wp-content\/uploads\/2026\/03\/SkolaSajf-2026-1-230x288.jpg 230w, https:\/\/mrc.mostaa.skola.edu.mt\/wp-content\/uploads\/2026\/03\/SkolaSajf-2026-1-350x438.jpg 350w, https:\/\/mrc.mostaa.skola.edu.mt\/wp-content\/uploads\/2026\/03\/SkolaSajf-2026-1-480x600.jpg 480w, https:\/\/mrc.mostaa.skola.edu.mt\/wp-content\/uploads\/2026\/03\/SkolaSajf-2026-1.jpg 1080w\" sizes=\"(max-width: 240px) 100vw, 240px\" \/><\/div>\n<div dir=\"auto\" style=\"text-align: left;\"><\/div>\n<\/div>\n","protected":false},"excerpt":{"rendered":"<p>L-APPLIKAZZJONIJIET TAT-TFAL G\u0126AL SKOLASAJF 2026 ISSA MIFTU\u0126A! L-applikazzjonijiet g\u0127al Skolasajf 2026 huma miftu\u0127in s\u035fa\u035fl\u035f-\u035f\u035f4 \u035ft\u035fa\u035f\u2019\u035f \u035fM\u035fe\u035fj\u035fj\u035fu\u035f,\u035f \u035ff\u035f\u2019\u035fn\u035fo\u035ff\u035fs\u035fi\u035fn\u035fh\u035fa\u035fr\u035f.\u035f Importanti li l-\u0121enituri itellg\u0127u d-dokumenti [&hellip;]<\/p>\n","protected":false},"author":2,"featured_media":0,"parent":9,"menu_order":0,"comment_status":"closed","ping_status":"closed","template":"","meta":[],"_links":{"self":[{"href":"https:\/\/mrc.mostaa.skola.edu.mt\/index.php\/wp-json\/wp\/v2\/pages\/1427"}],"collection":[{"href":"https:\/\/mrc.mostaa.skola.edu.mt\/index.php\/wp-json\/wp\/v2\/pages"}],"about":[{"href":"https:\/\/mrc.mostaa.skola.edu.mt\/index.php\/wp-json\/wp\/v2\/types\/page"}],"author":[{"embeddable":true,"href":"https:\/\/mrc.mostaa.skola.edu.mt\/index.php\/wp-json\/wp\/v2\/users\/2"}],"replies":[{"embeddable":true,"href":"https:\/\/mrc.mostaa.skola.edu.mt\/index.php\/wp-json\/wp\/v2\/comments?post=1427"}],"version-history":[{"count":6,"href":"https:\/\/mrc.mostaa.skola.edu.mt\/index.php\/wp-json\/wp\/v2\/pages\/1427\/revisions"}],"predecessor-version":[{"id":2205,"href":"https:\/\/mrc.mostaa.skola.edu.mt\/index.php\/wp-json\/wp\/v2\/pages\/1427\/revisions\/2205"}],"up":[{"embeddable":true,"href":"https:\/\/mrc.mostaa.skola.edu.mt\/index.php\/wp-json\/wp\/v2\/pages\/9"}],"wp:attachment":[{"href":"https:\/\/mrc.mostaa.skola.edu.mt\/index.php\/wp-json\/wp\/v2\/media?parent=1427"}],"curies":[{"name":"wp","href":"https:\/\/api.w.org\/{rel}","templated":true}]}}